{"version":"1.0","provider_name":"Magyar Val\u00f3s\u00e1g","provider_url":"https:\/\/magyarvalosag.cafeblog.hu","author_name":"Magyar val\u00f3s\u00e1g","author_url":"https:\/\/magyarvalosag.cafeblog.hu\/author\/magyar_valosag\/","title":"Lebukott Erd\u0151 P\u00e9ter b\u00edboros!","html":"<div class=\"field field-name-field-mt-subheader-body field-type-text-with-summary field-label-hidden\">\r\n<div class=\"field-items\">\r\n<div class=\"field-item even\">\r\n<p>A p\u00e1pa, \u201e2013 okt\u00f3ber\u00e9ben k\u00e9rd\u0151\u00edveket k\u00fcld\u00f6tt ki a p\u00fcsp\u00f6ks\u00e9gek, katolikus szervezetek sz\u00e1m\u00e1ra azzal a c\u00e9llal, hogy felm\u00e9rj\u00e9k a helyi egyh\u00e1zak \u00e9s h\u00edv\u0151k csal\u00e1dszeml\u00e9let\u00e9t.\"<\/p>\r\n<\/div>\r\n<\/div>\r\n<\/div>\r\n<div class=\"images-container clearfix\">\r\n<div class=\"image-preview clearfix\">\r\n<div class=\"image-wrapper clearfix\"><a class=\"image-popup overlayed\" title=\"\" href=\"http:\/\/civilhetes.net\/sites\/default\/files\/kepek\/2015-11-03-erdo_pter_b_0.jpg\"><img title=\"\" src=\"\" alt=\"\" \/><i class=\"fa fa-plus\"><\/i><\/a><\/div>\r\n<\/div>\r\n<\/div>\r\n<div class=\"field field-name-body field-type-text-with-summary field-label-hidden\">\r\n<div class=\"field-items\">\r\n<div class=\"field-item even\">\r\n<p>A t\u00e9mav\u00e1laszt\u00e1s nem a v\u00e9letlen m\u0171ve volt, ugyanis a csal\u00e1d t\u00e9mak\u00f6r\u00e9hez kapcsol\u00f3d\u00f3 k\u00e9rd\u00e9sekben mutatkozik legink\u00e1bb a t\u00f6r\u00e9svonal az egyh\u00e1z konzervat\u00edv \u00e9s progressz\u00edvabb sz\u00e1rnya k\u00f6z\u00f6tt. Erd\u0151 P\u00e9ter akkor \u2013 tal\u00e1n a v\u00e1laszokt\u00f3l tartva \u2013 mintegy elszabot\u00e1lta a magyarorsz\u00e1gi felm\u00e9r\u00e9st.\u201d<\/p>\r\n<p>A p\u00e1pa okt\u00f3ber 4. \u00e9s 25. k\u00f6z\u00f6tt szin\u00f3dust h\u00edvott \u00f6ssze, amelynek t\u00e9m\u00e1ja: \u201eA csal\u00e1d hivat\u00e1sa \u00e9s k\u00fcldet\u00e9se az egyh\u00e1zban \u00e9s a mai vil\u00e1gban\u201d lett, az esem\u00e9nyek f\u0151rel\u00e1tor\u00e1v\u00e1 (azaz a t\u00e9m\u00e1k felvezet\u0151j\u00e9v\u00e9) pedig Erd\u0151 P\u00e9tert v\u00e1lasztotta ki Ferenc p\u00e1pa.<\/p>\r\n<p>Most k\u00e9t dolog der\u00fclt ki:<\/p>\r\n<ul>\r\n<li>Erd\u0151 nem hajtotta v\u00e9gre a p\u00e1pa utas\u00edt\u00e1s\u00e1t, elv\u00e1r\u00e1s\u00e1t, mint magyar egyh\u00e1zf\u0151,<\/li>\r\n<li>olyan bevezet\u0151 el\u0151ad\u00e1st tartott, amely k\u00f6sz\u00f6n\u0151 viszonyban sincs a szin\u00f3dus, a p\u00e1pa \u00e1ltal meghat\u00e1rozott k\u00fcldet\u00e9s\u00e9vel.<\/li>\r\n<\/ul>\r\n<p>Azon nagyon ritka helyzetet teremtette ezzel, hogy p\u00e1pa reag\u00e1lt az el\u0151ad\u00e1s\u00e1ra \u00e9s egyben helyre tette Erd\u0151 b\u00edborost.<\/p>\r\n<p>Erd\u0151 t\u00f6bbek k\u00f6z\u00f6tt ki\u00e1llt a h\u00e1zass\u00e1g felbonthatatlans\u00e1ga mellett (az elv\u00e1ltak \u00e9s \u00fajrah\u00e1zasodottak probl\u00e9m\u00e1j\u00e1t egyh\u00e1zjogi kiskapukon kereszt\u00fcl oldan\u00e1 meg), el\u00edt\u00e9lte az abortuszt, valamint elutas\u00edtotta, hogy a t\u00e1rsadalom b\u00e1rmif\u00e9le nyom\u00e1st gyakoroljon a p\u00fcsp\u00f6k\u00f6kre a homoszexualit\u00e1s t\u00e9mak\u00f6r\u00e9ben.<\/p>\r\n<p>Ferenc p\u00e1pa a szin\u00f3dus k\u00e9t\u00e9ves folyamat\u00e1ban el\u0151sz\u00f6r sz\u00f3lalt fel. Az egyh\u00e1zf\u0151 eme rendk\u00edv\u00fcli gesztus\u00e1b\u00f3l konzervat\u00edv kommen\u00adt\u00e1rok egyenesen arra k\u00f6vetkeztetnek, hogy Ferenc \u00e9pp az\u00e9rt tette meg a konzervat\u00edv Erd\u0151t f\u0151rel\u00e1torr\u00e1, hogy azt\u00e1n kellemetlen helyzetbe hozhassa a b\u00edborost.<\/p>\r\n<p>Felsz\u00f3lal\u00e1s\u00e1ban a p\u00e1pa felh\u00edvta a szin\u00f3dus figyelm\u00e9t: nem az\u00e9rt gy\u0171ltek \u00f6ssze, hogy csup\u00e1n \u2013 az Erd\u0151 besz\u00e9d\u00e9ben k\u00fcl\u00f6n\u00f6sen hangs\u00falyos \u2013 \u00fajrah\u00e1zasod\u00e1s probl\u00e9m\u00e1j\u00e1r\u00f3l besz\u00e9ljenek. Az egyh\u00e1zf\u0151 azt is hozz\u00e1tette, hogy a szin\u00f3dus munk\u00e1j\u00e1ban nem Erd\u0151 felsz\u00f3lal\u00e1sa az egyetlen hivatkoz\u00e1si pont, hanem az \u201eegy a t\u00f6bbi n\u00e9z\u0151pont k\u00f6z\u00fcl\u201d.<\/p>\r\n<p>A kialakult helyzetben k\u00e9t \u00fat \u00e1ll nyitva Erd\u0151 el\u0151tt, ha konzervat\u00edv t\u00f6bbs\u00e9g lesz a mostani p\u00e1pa t\u00e1voz\u00e1sa ut\u00e1n, akkor hiteles konzervat\u00edvk\u00e9nt ak\u00e1r p\u00e1pa is lehet, a m\u00e1sik, hogy elt\u00e9vedve a vatik\u00e1ni \u00fatveszt\u0151kben kiszorul az egyh\u00e1z vezet\u00e9s\u00e9b\u0151l, mint ahogy ez itthon m\u00e1r elkezd\u0151d\u00f6tt. Erd\u0151 tal\u00e1n az egyik leggyeng\u00e9bb egyh\u00e1zi vezet\u0151 a katolikus egyh\u00e1z itthoni t\u00f6rt\u00e9net\u00e9ben, mik\u00f6zben a teljes egyh\u00e1zat pr\u00f3b\u00e1lja felsorakoztatni Orb\u00e1n Viktor m\u00f6g\u00f6tt.<\/p>\r\n<\/div>\r\n<p>B\u00fcki Ervin<\/p>\r\n<\/div>\r\n<\/div>","type":"rich"}

Magyar Valóság

Magyar valóság

Lebukott Erdő Péter bíboros!

<div class="field field-name-field-mt-subheader-body field-type-text-with-summary field-label-hidden">
<div class="field-items">
<div class="field-item even">
<p>A pápa, „2013 októberében kérdőíveket küldött ki a püspökségek, katolikus szervezetek számára azzal a céllal, hogy felmérjék a helyi egyházak és hívők családszemléletét."</p>
</div>
</div>
</div>
<div class="images-container clearfix">
<div class="image-preview clearfix">
<div class="image-wrapper clearfix"><a class="image-popup overlayed" title="" href="http://civilhetes.net/sites/default/files/kepek/2015-11-03-erdo_pter_b_0.jpg"><img title="" src="" alt="" /><i class="fa fa-plus"></i></a></div>
</div>
</div>
<div class="field field-name-body field-type-text-with-summary field-label-hidden">
<div class="field-items">
<div class="field-item even">
<p>A témaválasztás nem a véletlen műve volt, ugyanis a család témaköréhez kapcsolódó kérdésekben mutatkozik leginkább a törésvonal az egyház konzervatív és progresszívabb szárnya között. Erdő Péter akkor – talán a válaszoktól tartva – mintegy elszabotálta a magyarországi felmérést.”</p>
<p>A pápa október 4. és 25. között szinódust hívott össze, amelynek témája: „A család hivatása és küldetése az egyházban és a mai világban” lett, az események főrelátorává (azaz a témák felvezetőjévé) pedig Erdő Pétert választotta ki Ferenc pápa.</p>
<p>Most két dolog derült ki:</p>
<ul>
<li>Erdő nem hajtotta végre a pápa utasítását, elvárását, mint magyar egyházfő,</li>
<li>olyan bevezető előadást tartott, amely köszönő viszonyban sincs a szinódus, a pápa által meghatározott küldetésével.</li>
</ul>
<p>Azon nagyon ritka helyzetet teremtette ezzel, hogy pápa reagált az előadására és egyben helyre tette Erdő bíborost.</p>
<p>Erdő többek között kiállt a házasság felbonthatatlansága mellett (az elváltak és újraházasodottak problémáját egyházjogi kiskapukon keresztül oldaná meg), elítélte az abortuszt, valamint elutasította, hogy a társadalom bármiféle nyomást gyakoroljon a püspökökre a homoszexualitás témakörében.</p>
<p>Ferenc pápa a szinódus kétéves folyamatában először szólalt fel. Az egyházfő eme rendkívüli gesztusából konzervatív kommen­tárok egyenesen arra következtetnek, hogy Ferenc épp azért tette meg a konzervatív Erdőt főrelátorrá, hogy aztán kellemetlen helyzetbe hozhassa a bíborost.</p>
<p>Felszólalásában a pápa felhívta a szinódus figyelmét: nem azért gyűltek össze, hogy csupán – az Erdő beszédében különösen hangsúlyos – újraházasodás problémájáról beszéljenek. Az egyházfő azt is hozzátette, hogy a szinódus munkájában nem Erdő felszólalása az egyetlen hivatkozási pont, hanem az „egy a többi nézőpont közül”.</p>
<p>A kialakult helyzetben két út áll nyitva Erdő előtt, ha konzervatív többség lesz a mostani pápa távozása után, akkor hiteles konzervatívként akár pápa is lehet, a másik, hogy eltévedve a vatikáni útvesztőkben kiszorul az egyház vezetéséből, mint ahogy ez itthon már elkezdődött. Erdő talán az egyik leggyengébb egyházi vezető a katolikus egyház itthoni történetében, miközben a teljes egyházat próbálja felsorakoztatni Orbán Viktor mögött.</p>
</div>
<p>Büki Ervin</p>
</div>
</div>
